n 3332 is divided by 115?
112
Calculate the remainder when 2418 is divided by 22.
20
What is the remainder when 11 is divided by 2?
1
Calculate the remainder when 370 is divided by 105.
55
What is the remainder when 979 is divided by 10?
9
What is the remainder when 3797 is divided by 190?
187
Calculate the remainder when 184 is divided by 24.
16
What is the remainder when 274 is divided by 69?
67
What is the remainder when 1222 is divided by 602?
18
Calculate the remainder when 1461 is divided by 49.
40
Calculate the remainder when 704 is divided by 117.
2
What is the remainder when 666 is divided by 29?
28
Calculate the remainder when 154 is divided by 79.
75
What is the remainder when 78 is divided by 30?
18
What is the remainder when 430 is divided by 48?
46
What is the remainder when 188 is divided by 99?
89
What is the remainder when 107 is divided by 39?
29
Calculate the remainder when 14 is divided by 12.
2
What is the remainder when 6810 is divided by 243?
6
What is the remainder when 2287 is divided by 88?
87
What is the remainder when 260 is divided by 68?
56
What is the remainder when 6368 is divided by 59?
55
What is the remainder when 261 is divided by 105?
51
What is the remainder when 95 is divided by 20?
15
Calculate the remainder when 6999 is divided by 291.
15
What is the remainder when 596 is divided by 10?
6
Calculate the remainder when 1079 is divided by 48.
23
What is the remainder when 1160 is divided by 83?
81
Calculate the remainder when 12790 is divided by 39.
37
Calculate the remainder when 1914 is divided by 241.
227
What is the remainder when 41 is divided by 38?
3
What is the remainder when 1113 is divided by 91?
21
What is the remainder when 4688 is divided by 67?
65
What is the remainder when 300 is divided by 76?
72
What is the remainder when 1084 is divided by 176?
28
Calculate the remainder when 21901 is divided by 21.
19
Calculate the remainder when 62 is divided by 35.
27
Calculate the remainder when 534 is divided by 69.
51
What is the remainder when 19 is divided by 5?
4
Calculate the remainder when 500 is divided by 264.
236
Calculate the remainder when 124 is divided by 39.
7
Calculate the remainder when 249 is divided by 9.
6
What is the remainder when 1801 is divided by 166?
141
Calculate the remainder when 76 is divided by 11.
10
What is the remainder when 467 is divided by 12?
11
Calculate the remainder when 10 is divided by 1.
0
What is the remainder when 645 is divided by 54?
51
What is the remainder when 764 is divided by 248?
20
What is the remainder when 386 is divided by 119?
29
Calculate the remainder when 276 is divided by 16.
4
What is the remainder when 611 is divided by 27?
17
Calculate the remainder when 749 is divided by 94.
91
Calculate the remainder when 1546 is divided by 36.
34
What is the remainder when 42 is divided by 1?
0
What is the remainder when 111 is divided by 49?
13
What is the remainder when 2565 is divided by 24?
21
What is the remainder when 24670 is divided by 11?
8
What is the remainder when 6 is divided by 3?
0
Calculate the remainder when 755 is divided by 20.
15
Calculate the remainder when 1141 is divided by 142.
5
Calculate the remainder when 283 is divided by 57.
55
Calculate the remainder when 1312 is divided by 162.
16
What is the remainder when 215 is divided by 64?
23
What is the remainder when 239 is divided by 17?
1
Calculate the remainder when 194 is divided by 70.
54
What is the remainder when 3270 is divided by 36?
30
Calculate the remainder when 670 is divided by 13.
7
What is the remainder when 13033 is divided by 79?
77
What is the remainder when 474 is divided by 34?
32
What is the remainder when 735 is divided by 66?
9
Calculate the remainder when 1252 is divided by 22.
20
Calculate the remainder when 1058 is divided by 10.
8
What is the remainder when 839 is divided by 30?
29
Calculate the remainder when 41 is divided by 32.
9
What is the remainder when 577 is divided by 188?
13
Calculate the remainder when 389 is divided by 188.
13
Calculate the remainder when 675 is divided by 46.
31
What is the remainder when 76 is divided by 39?
37
Calculate the remainder when 2687 is divided by 84.
83
Calculate the remainder when 837 is divided by 199.
41
What is the remainder when 1609 is divided by 14?
13
What is the remainder when 202 is divided by 50?
2
What is the remainder when 74 is divided by 15?
14
What is the remainder when 943 is divided by 12?
7
What is the remainder when 4427 is divided by 18?
17
Calculate the remainder when 1119 is divided by 289.
252
Calculate the remainder when 121 is divided by 44.
33
What is the remainder when 168 is divided by 88?
80
What is the remainder when 360 is divided by 73?
68
Calculate the remainder when 1549 is divided by 429.
262
Calculate the remainder when 180 is divided by 178.
2
Calculate the remainder when 3387 is divided by 261.
255
What is the remainder when 1169 is divided by 195?
194
Calculate the remainder when 113 is divided by 19.
18
Calculate the remainder when 853 is divided by 424.
5
Calculate the remainder when 59 is divided by 10.
9
What is the remainder when 6017 is divided by 5?
2
Calculate the remainder when 6397 is divided by 16.
13
What is the remainder when 124 is divided by 70?
54
What is the remainder when 582 is divided by 9?
6
What is the remainder when 10184 is divided by 7?
6
Calculate the remainder when 1974 is divided by 329.
0
Calculate the remainder when 325 is divided by 39.
13
Calculate the remainder when 132 is divided by 71.
61
Calculate the remainder when 426 is divided by 86.
82
What is the remainder when 1512 is divided by 101?
98
Calculate the remainder when 137 is divided by 35.
32
Calculate the remainder when 155 is divided by 3.
2
Calculate the remainder when 540 is divided by 92.
80
What is the remainder when 445 is divided by 50?
45
Calculate the remainder when 21357 is divided by 178.
175
Calculate the remainder when 28 is divided by 16.
12
What is the remainder when 3359 is divided by 57?
53
Calculate the remainder when 1229 is divided by 77.
74
What is the remainder when 714 is divided by 338?
38
Calculate the remainder when 166 is divided by 58.
50
Calculate the remainder when 5169 is divided by 15.
9
What is the remainder when 255 is divided by 48?
15
Calculate the remainder when 1298 is divided by 20.
18
What is the remainder when 123 is divided by 26?
19
Calculate the remainder when 104 is divided by 27.
23
What is the remainder when 245 is divided by 10?
5
What is the remainder when 311 is divided by 32?
23
What is the remainder when 5558 is divided by 109?
108
What is the remainder when 1167 is divided by 166?
5
What is the remainder when 7307 is divided by 12?
11
Calculate the remainder when 173 is divided by 65.
43
What is the remainder when 7955 is divided by 109?
107
What is the remainder when 792 is divided by 30?
12
Calculate the remainder when 335 is divided by 28.
27
What is the remainder when 229 is divided by 71?
16
Calculate the remainder when 175 is divided by 29.
1
What is the remainder when 169 is divided by 9?
7
What is the remainder when 255 is divided by 13?
8
What is the remainder when 78 is divided by 13?
0
Calculate the remainder when 33 is divided by 5.
3
What is the remainder when 143 is divided by 58?
27
Calculate the remainder when 3145 is divided by 126.
121
What is the remainder when 87 is divided by 4?
3
Calculate the remainder when 197 is divided by 111.
86
Calculate the remainder when 366 is divided by 143.
80
What is the remainder when 96 is divided by 5?
1
Calculate the remainder when 109 is divided by 63.
46
Calculate the remainder when 116 is divided by 54.
8
What is the remainder when 443 is divided by 183?
77
What is the remainder when 480 is divided by 21?
18
What is the remainder when 28 is divided by 7?
0
Calculate the remainder when 72 is divided by 67.
5
Calculate the remainder when 1048 is divided by 81.
76
Calculate the remainder when 5609 is divided by 92.
89
Calculate the remainder when 161 is divided by 15.
11
What is the remainder when 166 is divided by 13?
10
Calculate the remainder when 1464 is divided by 92.
84
What is the remainder when 1758 is divided by 40?
38
What is the remainder when 59 is divided 